e factors of 6545167.
6545167
What are the prime factors of 343738?
2, 171869
What are the prime factors of 148254?
2, 3, 24709
List the prime factors of 8278353.
3, 919817
What are the prime factors of 17031383?
61, 279203
What are the prime factors of 98190?
2, 3, 5, 1091
List the prime factors of 362923.
11, 32993
List the prime factors of 602064.
2, 3, 37, 113
What are the prime factors of 1048828?
2, 11, 197
What are the prime factors of 13202518?
2, 7, 101, 9337
List the prime factors of 285121.
285121
List the prime factors of 35158734.
2, 3, 13, 347, 433
What are the prime factors of 1092251?
1092251
List the prime factors of 5123625.
3, 5, 13, 1051
What are the prime factors of 227129?
7, 71, 457
What are the prime factors of 2671804?
2, 719, 929
What are the prime factors of 574619?
574619
What are the prime factors of 256339?
31, 8269
What are the prime factors of 81062?
2, 40531
List the prime factors of 15753555.
3, 5, 61, 1913
List the prime factors of 16723482.
2, 3, 37, 71, 1061
List the prime factors of 4268691.
3, 7, 67757
What are the prime factors of 309753?
3, 127, 271
List the prime factors of 11536499.
13, 887423
List the prime factors of 1562407.
7, 11, 103, 197
What are the prime factors of 582923?
11, 197, 269
What are the prime factors of 12767369?
23, 389, 1427
List the prime factors of 198175.
5, 7927
List the prime factors of 4909109.
4909109
List the prime factors of 710903.
710903
What are the prime factors of 274081?
274081
What are the prime factors of 36440?
2, 5, 911
What are the prime factors of 1093760?
2, 5, 1709
What are the prime factors of 769203?
3, 31, 919
What are the prime factors of 408445?
5, 81689
List the prime factors of 186691.
23, 8117
List the prime factors of 13176173.
17, 79, 9811
What are the prime factors of 897131?
53, 16927
What are the prime factors of 517295?
5, 307, 337
What are the prime factors of 21993032?
2, 19, 257, 563
What are the prime factors of 54894?
2, 3, 7, 1307
What are the prime factors of 10503275?
5, 53, 7927
What are the prime factors of 1647908?
2, 19, 21683
List the prime factors of 639566.
2, 29, 11027
List the prime factors of 488712.
2, 3, 7, 2909
List the prime factors of 19730502.
2, 3, 11, 9059
List the prime factors of 331017.
3, 110339
What are the prime factors of 5846753?
11, 43, 47, 263
List the prime factors of 18497066.
2, 7, 1321219
List the prime factors of 285802.
2, 11, 1181
List the prime factors of 879398.
2, 13, 149, 227
List the prime factors of 1628594.
2, 11, 74027
List the prime factors of 353326.
2, 23, 7681
What are the prime factors of 287750?
2, 5, 1151
What are the prime factors of 584393?
584393
What are the prime factors of 371168?
2, 7, 1657
List the prime factors of 2830615.
5, 491, 1153
What are the prime factors of 1108607?
79, 14033
What are the prime factors of 365776?
2, 22861
What are the prime factors of 1490191?
853, 1747
What are the prime factors of 5458156?
2, 11, 17, 7297
What are the prime factors of 1224626?
2, 13, 19, 37, 67
List the prime factors of 144065.
5, 28813
What are the prime factors of 1302538?
2, 103, 6323
List the prime factors of 873629.
281, 3109
List the prime factors of 963254.
2, 17, 41, 691
What are the prime factors of 31610472?
2, 3, 53, 24851
What are the prime factors of 45703?
7, 6529
What are the prime factors of 1197935?
5, 239587
List the prime factors of 183179.
19, 31, 311
List the prime factors of 3580095.
3, 5, 238673
List the prime factors of 633050.
2, 5, 11, 1151
List the prime factors of 870462.
2, 3, 37, 1307
List the prime factors of 170337.
3, 56779
What are the prime factors of 315116?
2, 78779
List the prime factors of 417383.
417383
What are the prime factors of 111992?
2, 13999
What are the prime factors of 159083?
257, 619
List the prime factors of 1018411.
1018411
List the prime factors of 2005622.
2, 37, 27103
What are the prime factors of 717741?
3, 8861
What are the prime factors of 24199007?
7, 17, 203353
List the prime factors of 994071.
3, 13, 71, 359
What are the prime factors of 142908?
2, 3, 11909
List the prime factors of 1198089.
3, 133121
What are the prime factors of 33452374?
2, 16726187
List the prime factors of 11874796.
2, 563, 5273
What are the prime factors of 1597376?
2, 11, 2269
What are the prime factors of 1610286?
2, 3, 349, 769
What are the prime factors of 147937?
147937
What are the prime factors of 7480648?
2, 7, 133583
What are the prime factors of 1497940?
2, 5, 74897
What are the prime factors of 26077740?
2, 3, 5, 13, 67, 499
List the prime factors of 1007500.
2, 5, 13, 31
What are the prime factors of 150089?
150089
List the prime factors of 1962846.
2, 3, 163, 223
What are the prime factors of 4214174?
2, 2107087
List the prime factors of 34534640.
2, 5, 7, 83, 743
List the prime factors of 1743899.
151, 11549
List the prime factors of 212924.
2, 53231
List the prime factors of 4276026.
2, 3, 19, 12503
List the prime factors of 7411422.
2, 3, 17, 72661
List the prime factors of 13612976.
2, 13, 65447
What are the prime factors of 1640907?
3, 29, 6287
List the prime factors of 2020927.
59, 34253
List the prime factors of 11245173.
3, 47, 173, 461
What are the prime factors of 4902079?
7, 13, 103, 523
What are the prime factors of 521411?
11, 107, 443
List the prime factors of 1626354.
2, 3, 90353
List the prime factors of 159556.
2, 113, 353
List the prime factors of 4827473.
7, 17, 113, 359
List the prime factors of 474280.
2, 5, 71, 167
List the prime factors of 535011.
3, 139, 1283
What are the prime factors of 12393845?
5, 109, 22741
What are the prime factors of 262026?
2, 3, 14557
List the prime factors of 15364214.
2, 7682107
List the prime factors of 460304.
2, 13, 2213
What are the prime factors of 271976?
2, 33997
List the prime factors of 719284.
2, 179821
What are the prime factors of 355414?
2, 19, 47, 199
What are the prime factors of 10352700?
2, 3, 5, 11503
What are the prime factors of 4339500?
2, 3, 5, 11, 263
List the prime factors of 1919211.
3, 7, 59, 1549
List the prime factors of 67031.
17, 3943
List the prime factors of 14549505.
3, 5, 211, 4597
What are the prime factors of 1847117?
1847117
What are the prime factors of 175673?
175673
List the prime factors of 252674.
2, 126337
List the prime factors of 936586.
2, 7, 19, 503
List the prime factors of 1290336.
2, 3, 13441
List the prime factors of 37472488.
2, 17, 379, 727
What are the prime factors of 7736627?
7736627
List the prime factors of 26489898.
2, 3, 1471661
What are the prime factors of 2531524?
2, 632881
What are the prime factors of 687643?
11, 5683
List the prime factors of 1815181.
277, 6553
What are the prime factors of 22396602?
2, 3, 757, 4931
What are the prime factors of 35631801?
3, 3959089
What are the prime factors of 141102?
2, 3, 13, 67
What are the prime factors of 21134448?
2, 3, 146767
List the prime factors of 1341587.
13, 31, 3329
What are the prime factors of 6743992?
2, 367, 2297
What are the prime factors of 62768?
2, 3923
List the prime factors of 5595967.
13, 41, 10499
List the prime factors of 2970317.
7, 424331
List the prime factors of 991172.
2, 7, 13, 389
List the prime factors of 2329848.
2, 3, 32359
What are the prime factors of 1280607?
3, 37, 83, 139
List the prime factors of 68296.
2, 8537
List the prime factors of 146125.
5, 7, 167
What are the prime factors of 7090750?
2, 5, 113, 251
What are the prime factors of 150103?
367, 409
What are the prime factors of 369784?
2, 17, 2719
What are the prime factors of 554039?
113, 4903
What are the prime factors of 6876059?
131, 52489
What are the prime factors of 4893273?
3, 7, 11, 23, 307
List the prime factors of 188845.
5, 179, 211
List the prime factors of 22675729.
22675729
List the prime factors of 1045724.
2, 261431
What are the prime factors of 108411?
3, 36137
List the prime factors of 131722.
2, 67, 983
What are the prime factors of 14617986?
2, 3, 229, 10639
What are the prime factors of 37338365?
5, 37, 201829
List the prime factors of 9529368.
2, 3, 397057
What are the prime factors of 1598544?
2, 3, 17, 653
List the prime factors of 9280523.
7, 23, 59, 977
List the prime factors of 1315677.
3, 11, 39869
What are the prime factors of 245602?
2, 7, 53, 331
List 